hat is 22454 + 1523?
24421
In base 15, what is 2 - 138b1?
-138ae
In base 16, what is 2 - -a193d?
a193f
In base 11, what is -5aa - -206?
-3a4
In base 10, what is 40958 - 31?
40927
In base 2, what is -111110 + -11011111?
-100011101
In base 8, what is 163 - -14727?
15112
In base 11, what is -35 - 4027?
-4061
In base 10, what is 172 - -121?
293
In base 14, what is -25aa2 + 8?
-25a98
In base 7, what is 6 - -20524?
20533
In base 13, what is -192ab4 - 0?
-192ab4
In base 3, what is 202121202201 - 11?
202121202120
In base 8, what is -7 + 33026?
33017
In base 3, what is 10 - -210020211?
210020221
In base 11, what is 707 - 41?
676
In base 15, what is 2c672c + 0?
2c672c
In base 14, what is 4735 + -4c?
46c7
In base 13, what is 56 - 3391?
-3338
In base 3, what is 22111012 + 10?
22111022
In base 6, what is 1 - 434401?
-434400
In base 3, what is 2 - -212001201?
212001210
In base 5, what is 1423 - -302434?
304412
In base 12, what is -964 - 12?
-976
In base 9, what is -10122 + -241?
-10363
In base 11, what is -153 - -58?
-a6
In base 7, what is 2 - -20546?
20551
In base 2, what is -1000111 - -1110010?
101011
In base 12, what is -5435 - -7?
-542a
In base 13, what is 7bb4 + -1?
7bb3
In base 3, what is 1001121222120 - -1?
1001121222121
In base 3, what is 2 + 20000212?
20000221
In base 4, what is 1301 - 121203?
-113302
In base 5, what is -3 + 22042301?
22042243
In base 16, what is a5 + 707?
7ac
In base 3, what is -1021221 - -122020?
-122201
In base 13, what is -7 + -1261?
-1268
In base 5, what is -31201 - -2042?
-24104
In base 8, what is 17 - 2312?
-2273
In base 3, what is 20110101112 - -12?
20110101201
In base 4, what is -1001030110 - -11?
-1001030033
In base 16, what is -a + 3490?
3486
In base 4, what is 32322 - 110311?
-11323
In base 14, what is -211 + -5a4?
-7b5
In base 9, what is 1358 - 12?
1346
In base 13, what is -ca - 83?
-180
In base 4, what is 11 + 102103012?
102103023
In base 16, what is -200 - 1f?
-21f
In base 12, what is 1 - 1a200?
-1a1bb
In base 2, what is -11001110 + -1110111110111?
-1111011000101
In base 12, what is 19b - -74?
253
In base 7, what is 4304 - -460?
5064
In base 6, what is -521 + 21?
-500
In base 9, what is -46 - 124?
-171
In base 5, what is 33130140 + -10?
33130130
In base 11, what is -5406a + -10?
-5407a
In base 12, what is -7305 + 293?
-7032
In base 14, what is 973ad + 5?
973b4
In base 2, what is 100010001 + 11110010?
1000000011
In base 3, what is 10011212102 - 1?
10011212101
In base 8, what is 3742 + 12?
3754
In base 12, what is 4 - -3762a7?
3762ab
In base 12, what is -1620 + -a1?
-1701
In base 10, what is 8 + 35924?
35932
In base 10, what is 18559 + -7?
18552
In base 11, what is -1a - -405?
396
In base 7, what is 154404 + -4?
154400
In base 8, what is 5 + 100613?
100620
In base 14, what is b01c6 - -8?
b01d0
In base 6, what is 52055514 + 4?
52055522
In base 3, what is 112001 - -1100021?
1212022
In base 5, what is 111 + 323010?
323121
In base 8, what is 332753 + 20?
332773
In base 6, what is -305 + 130101?
125352
In base 13, what is 1 - 7b35?
-7b34
In base 9, what is 27 - 227?
-200
In base 10, what is 80 - -522?
602
In base 8, what is -3 + 26434?
26431
In base 4, what is -103220111 + 303?
-103213202
In base 13, what is ca65 + -9c?
c996
In base 8, what is 1632 + -112?
1520
In base 7, what is 21 + -4046?
-4025
In base 5, what is 3 + 22241130?
22241133
In base 9, what is -74 - -2387?
2313
In base 10, what is 12 + 350?
362
In base 13, what is -625 + 28?
-5ca
In base 15, what is 0 - 601b?
-601b
In base 4, what is -21033331 - -2?
-21033323
In base 8, what is -3072035 + 2?
-3072033
In base 15, what is -253 - 821?
-a74
In base 5, what is 1010343 + -4?
1010334
In base 6, what is 0 + 1353110?
1353110
In base 8, what is -23 + -220374?
-220417
In base 8, what is -42526 + -24?
-42552
In base 11, what is -2a3 + -2300?
-25a3
In base 11, what is 4 - -6474a?
64753
In base 8, what is 1135514 - 7?
1135505
In base 8, what is 1373 - 1166?
205
In base 16, what is 3 + 46e?
471
In base 15, what is -3471 + 2e?
-3442
In base 2, what is 1001001000011010 + -1000?
1001001000010010
In base 14, what is -185 - 23?
-1a8
In base 3, what is -1221021012222 - 2?
-1221021020001
In base 6, what is -202405 + 4?
-202401
In base 6, what is -4 - -411512?
411504
In base 8, what is 401 - -20265?
20666
In base 3, what is 11211110 - -120?
11212000
In base 16, what is 4ba1 + 38?
4bd9
In base 14, what is c6 - -39b?
483
In base 8, what is 1065453 + 2?
1065455
In base 12, what is 146248 - -8?
146254
In base 8, what is 44 + 21?
65
In base 14, what is -272b + -2?
-272d
In base 10, what is 502043 + -3?
502040
In base 4, what is -2302 + 1303322?
1301020
In base 4, what is -3 + 13112331?
13112322
In base 7, what is -250 - -121235?
120655
In base 9, what is 58363 + 5?
58368
In base 14, what is -4 - -1bb3a?
1bb36
In base 2, what is -10001010110000 + 1101?
-10001010100011
In base 11, what is 15 - -32899?
32903
In base 4, what is -1121 - -1010333?
1003212
In base 14, what is -24d769 + -1?
-24d76a
In base 11, what is -2 - -10778?
10776
In base 2, what is -111011110000010011100 - 0?
-111011110000010011100
In base 10, what is 912538 + 3?
912541
In base 3, what is 20221121 + 1?
20221122
In base 6, what is 10103 - -10?
10113
In base 7, what is 105 - -135621?
136026
In base 11, what is 287a - -83?
2952
In base 7, what is 0 - -2414663?
2414663
In base 7, what is -31145 - 24?
-31202
In base 10, what is -2830 - -40?
-2790
In base 12, what is 232223 - -4?
232227
In base 13, what is 1348 - 2a9?
106c
In base 9, what is -462273 + 1?
-462272
In base 13, what is 12346 - -35?
1237b
In base 7, what is 4 - -2423314?
2423321
In base 14, what is -3d47 - -d?
-3d38
In base 5, what is 13 + -1022241?
-1022223
In base 11, what is 94755 + 0?
94755
In base 2, what is 1011 - -111011011100000000?
111011011100001011
In base 4, what is -100102 + -13?
-100121
In base 12, what is 6 + -703?
-6b9
In base 14, what is -53b + -6c?
-5a9
In base 3, what is 0 + 12121201102?
12121201102
In base 15, what is d43 - -1?
d44
In base 15, what is -3e + 3e5?
3a6
In base 12, what is -17a2 + -a50?
-2632
In base 11, what is -20a7275 + -3?
-20a7278
In base 4, what is 1112220021 + 21?
1112220102
In base 15, what is 7030 + -9?
7026
In base 11, what is 16760 + -50?
16710
In base 14, what is -3da6 - -4?
-3da2
In base 10, what is 767 - 401?
366
In base 2, what is -100010100010 + 1100?
-100010010110
In base 15, what is -4 + 1ab3e7?
1ab3e3
In base 4, what is -100130 + -1?
-100131
In base 12, what is -450683 - 0?
-450683
In base 11, what is 0 - 42711?
-42711
In base 15, what is 6276e1 - 0?
6276e1
In base 16, what is 91fe + 2?
9200
In base 3, what is -100 + 21212220212?
21212220112
In base 5, what is -2044 + -1304?
-3403
In base 8, what is 15464 + 111?
15575
In base 14, what is 1cad2 - -1?
1cad3
In base 6, what is 1 + -14025?
-14024
In base 9, what is 15434 + 58?
15503
In base 2, what is 10011101011110100 + 10?
10011101011110110
In base 3, what is 101 - -1000221112?
1000221220
In base 7, what is -3053 + -405?
-3461
In base 15, what is 5 - 66414?
-6640e
In base 16, what is -2 - -feb?
fe9
In base 16, what is -3 + -1591?
-1594
In base 5, what is 323 + -343142?
-342314
In base 14, what is -1 + 4118?
4117
In base 6, what is 2 + 1050050?
1050052
In base 2, what is 1 - 1001000100110100?
-1001000100110011
In base 4, what is 10 - -121102?
121112
In base 15, what is 256d8 - 0?
256d8
In base 6, what is -1040300 + 0?
-1040300
In base 11, what is -3 + 27aa83?
27aa80
In base 15, what is -1 + 606a1?
606a0
In base 13, what is 1ba27 - c?
1ba18
In base 2, what is 1000001 + 1100011000000?
1100100000001
In base 15, what is 44e8a9 + 5?
44e8ae
In base 15, what is -13 - 41e97?
-41eaa
In base 13, what is 2 + -31b?
-319
In base 10, what is 630 + -3923?
-3293
In base 11, what is -9 + -387783?
-387791
In base 7, what is 5 + -20256?
-20251
In base 7, what is 23 + -166433?
-166410
In base 10, what is -126609 - -4?
-126605
In base 10, what is -3 - 22050?
-22053
In base 4, what is 210231000 + -212?
210230122
In base 2, what is 11010000000011010000 + -101?
11010000000011001011
In base 6, what is 5232203 - -12?
5232215
In base 10, what is 303321 + 12?
303333
In base 4, what is 103111 + -3?
103102
In base 6, what is -131 - 11430?
-12001
In base 13, what is 6 + -3b20?
-3b17
In base 8,